 of h?
5
Let u be 92/16 - 1/(-4). What are the prime factors of (u + 5)/((-2)/(-2))?
11
Suppose 4*f = t - 34 - 23, -f + 143 = 4*t. List the prime factors of t.
37
Let o = 72 - 27. List the prime factors of o.
3, 5
Suppose 5*d - 402 - 8 = 0. What are the prime factors of d?
2, 41
Let n = -76 + 154. What are the prime factors of n?
2, 3, 13
Let x = -5 - 2. Let k be (2 - (0 + x))*-1. List the prime factors of (k/6)/((-3)/4).
2
Suppose 630 = -207*w + 212*w. What are the prime factors of w?
2, 3, 7
Suppose -5*c = 3*o + 2*o - 10, -5*o + 18 = 3*c. What are the prime factors of (-1 + 4)*16/o?
2
Let d = 107 - 62. Suppose 2*q + 3*q - d = 0. List the prime factors of q.
3
Let x = -1 + 1. Let g(f) = -f + 20. What are the prime factors of g(x)?
2, 5
Let v(h) = 5*h**2 - 10*h + 27. What are the prime factors of v(8)?
3, 89
Let m = 5 - 6. List the prime factors of m/(-6) + (-2429)/(-42).
2, 29
Suppose 8*o - 13*o = -580. List the prime factors of o.
2, 29
Let n be -33*(-2)/15*-5. Let m = n - -39. What are the prime factors of m?
17
Suppose d = -d - 18. Let u = 14 - d. What are the prime factors of u?
23
Suppose -4*t - 8 = -6*t. Let v be ((-6)/t)/(6/(-8)). Suppose 3*g - 7 = v. List the prime factors of g.
3
Suppose 0 = -0*c + 5*c - 40. What are the prime factors of c?
2
Let l(u) = 7*u + 36. List the prime factors of l(25).
211
Suppose 0 = -5*c - 5*t + 30, -2*t + 0 = -2*c - 4. Let u be 0 - c - (3 + -1). What are the prime factors of (-195)/(-10)*u/(-6)?
13
Suppose 2*w = 18*w - 3728. List the prime factors of w.
233
Suppose v = 2*v - 2, 2*h = 5*v. Suppose u - 11 = -k + 2*k, -5*u = h*k - 45. What are the prime factors of u?
2, 5
Let o be 2 - 1*(-3 - -2). Let i = -4 - -2. What are the prime factors of 3*i*(-8)/o?
2
Let k be 8/(-8) + 5 + 0. Suppose -k*h + 21 = -h. What are the prime factors of h?
7
Suppose 0 = -5*t - 91 + 6. What are the prime factors of (-1)/3*3*t?
17
Suppose -4*s - 4 = 0, 0 = u + u + 2*s - 30. Let m(a) = -8 - 7*a - a**2 - 1 + u*a. What are the prime factors of m(6)?
3
Let h = 8 - 5. Suppose 0 = 4*u - 3*u - 4. Suppose u*t + 20 = h*o, 4*t + 19 = 4*o - 13. List the prime factors of o.
2, 3
Let d(n) be the third derivative of n**6/120 + 2*n**5/15 - 5*n**4/12 + n**3/3 + n**2. Let l be -2 + -5 + 1 + -3. What are the prime factors of d(l)?
11
Let l = -28 + 127. What are the prime factors of (-4)/(-18) - (-4334)/l?
2, 11
What are the prime factors of (-680)/25*(-10)/4?
2, 17
Suppose -2*b = 3*l - 219, -l + 111 = 3*b - 2*b. What are the prime factors of b?
2, 3, 19
Suppose 2*o - 27 = x + 1, -2*o - 2*x = -34. Let b = o - 8. What are the prime factors of b?
7
Let s be (-1)/(-3)*3/1. Let z = 12 + s. What are the prime factors of z?
13
Let i(f) = 7 + f**2 - 6*f - 3 - 3 + 2. List the prime factors of i(7).
2, 5
Let n = -7 - -10. Suppose 1 - 7 = -n*j. List the prime factors of j.
2
Let p be (-15)/(-10) - (-11)/2. Let h(x) = x**3 + 4*x**2 - 4*x + 1. Let v be h(-5). Let d = p + v. List the prime factors of d.
3
Let g(o) be the third derivative of o**6/120 - 7*o**5/60 + o**4/24 + 5*o**3/3 - 3*o**2. What are the prime factors of g(7)?
17
Suppose 0 = 5*j + 56 + 9. Let g = -6 - j. What are the prime factors of g?
7
Suppose 5 = -2*i + 7*i - 4*j, 0 = -4*i + j + 15. Let p(k) = 1 + 3*k + k - 3*k. What are the prime factors of p(i)?
2, 3
Let d(p) = -p**3 + 5*p**2 + 8*p - 5. Let w = 45 - 23. Let t = w + -16. What are the prime factors of d(t)?
7
Let z(f) = 4*f - 2. Let b be z(-1). What are the prime factors of 6/(b*(-3)/96)?
2
Suppose -v + 0 = -4. Suppose -o - 4 + 5 = v*i, -4*o - 3*i - 9 = 0. What are the prime factors of (-36)/o - 1 - 0?
11
Let s = -46 + 5. Let b = s - -87. List the prime factors of b.
2, 23
Suppose 5*x - 1339 + 429 = 0. What are the prime factors of x?
2, 7, 13
Let u be (-6)/2 + -11 + 9. Let w = -1 - u. List the prime factors of w.
2
Suppose -2*g + 32 = 3*j + 1, 0 = 4*j + 12. What are the prime factors of g?
2, 5
Let z = 62 - 41. What are the prime factors of z?
3, 7
Let c(n) = 27*n - 1. Let f be c(1). Suppose -a - a = -f. List the prime factors of a.
13
Let n be ((-12)/(-14))/(2/140). Suppose 5*o - n - 60 = 0. Suppose 2*t + 5 = -r + o, 3*t - 39 = -5*r. List the prime factors of t.
2
Let l = 20 - 12. Suppose 2*x = l, 0 = 3*i - 2*x - 28 - 3. List the prime factors of i.
13
Let t(d) = 10*d**2 + d. Let a be 65/75 - (-4)/30. What are the prime factors of t(a)?
11
What are the prime factors of ((-444)/(-9))/2*3?
2, 37
Let w be (-39)/(-15) + (-6)/10. Suppose -x + 4*a = -6, x - 3*a - 5 = -0*x. Suppose 47 = w*q + t, -3 - x = -5*t. What are the prime factors of q?
23
Suppose 4*s = -0*s - 4. What are the prime factors of (-5 - 0 - 0)*s?
5
Let x(m) = 17*m**2 + m. What are the prime factors of x(-1)?
2
Let f(w) = 2 + 9*w - 4 - 1. Let t be f(7). Suppose -2*a - 3*a = -t. List the prime factors of a.
2, 3
Suppose 0 = -0*j - 3*j + p + 2, -3*p = 5*j + 6. Suppose 0 = -y - j*y + 10. What are the prime factors of y?
2, 5
Let z be (136/6)/((-6)/(-18)). Suppose 0 = -a - 94 - z. List the prime factors of (-4)/(-14) + a/(-21).
2
Suppose -2 - 3 = -g. Suppose 2*c = g*c - 12. Suppose 4*h = 3*b - c*b - 2, -2*b - 2*h = -2. List the prime factors of b.
2
Suppose 0 = 4*i + i - 80. Let w = 18 - 16. Suppose -5*j - y = -67, 2*y - i = -w*j - 2*y. What are the prime factors of j?
2, 7
List the prime factors of 21/(-35) + 623/5.
2, 31
Let p be 60/9*9/(-6). List the prime factors of (-58)/(-10) - 2/p.
2, 3
Let a(d) = -d + 4. Suppose 0 = -4*u - 5*v - 10 - 19, 0 = 5*u + v + 31. What are the prime factors of a(u)?
2, 5
Let f = 1 + -1. Suppose 0*i + 3*i - 36 = f. What are the prime factors of i?
2, 3
Let v be (2/1 - 2)/3. Suppose i - 3*i + 6 = v. List the prime factors of i.
3
Let s(o) = 6*o - 1. Let v = 7 - 5. List the prime factors of s(v).
11
Let h = -115 - -201. What are the prime factors of h?
2, 43
Suppose 0 = f - 5*s + 2, 5*f - 13 = -s + 3*s. Suppose f*d = 0, -124 = 4*c + 3*d + d. Let z = c - -44. What are the prime factors of z?
13
Let h = 7 + -3. Suppose w + h*w - 44 = -o, -w - 2*o = -16. Let j = 15 - w. List the prime factors of j.
7
Let z(r) = 4 + 0*r + 4*r + 2 - 3*r. List the prime factors of z(-3).
3
Let q = 8 + 2. Suppose 3*w - q - 104 = 0. Suppose -2*s = -w + 12. List the prime factors of s.
13
Suppose 0*d - 2*z + 44 = 2*d, -2*z + 70 = 3*d. Suppose 25 + 6 = 3*j - 4*h, 3*j + h - d = 0. List the prime factors of (j/6)/((-1)/(-4)).
2, 3
Suppose 0 = 3*p - 174 - 54. What are the prime factors of p?
2, 19
Let c(t) be the first derivative of t**4/4 + 5*t**3/3 - t**2 - 5*t + 1. Let u = -2 - 3. What are the prime factors of c(u)?
5
Suppose 5*w = 4*z - 4 - 11, 2*z - 3*w = 5. List the prime factors of z.
2, 5
Suppose -32 = -2*m + 170. List the prime factors of m.
101
Let i(b) = -2*b**3 + 2*b**2 + b - 2. What are the prime factors of i(-4)?
2, 7, 11
Suppose q + 4*z = 235, 0 = 5*q - q + 3*z - 901. List the prime factors of q.
223
Let o = -27 - -140. List the prime factors of o.
113
Suppose r + 1 = -0*r. Let m = 0 - r. List the prime factors of (m - 15/(-3)) + 1.
7
Let x(l) = 3*l**2 - 2*l + 3. Suppose 4*h + 15 = -h. List the prime factors of x(h).
2, 3
Let f be (-2)/5 - (-34)/10. Let a(u) = f*u - 12 - 2*u - 3*u + 2. List the prime factors of a(-10).
2, 5
Suppose 0 = -3*p - 5*l + 479, -2*p + 4*l - 2*l + 314 = 0. What are the prime factors of p?
2, 79
Let b(n) = n**3 - 13*n**2 - 3*n - 9. Let f be b(14). Suppose 3*r = -2*r + f. What are the prime factors of r?
29
Let j = 179 + -87. Suppose s = -s + 2*z + 32, z = 5*s - j. Suppose -2*f + w = -f - 3, -3*f - 2*w = -s. What are the prime factors of f?
5
Suppose 4*t + 2 = 6, -3*t = x - 99. List the prime factors of x.
2, 3
List the prime factors of 152*1*(-7)/(-14).
2, 19
Suppose -3*a = -0*a - 9. Let k = a - 2. Suppose -27 = -d - d + 5*u, -u = k. List the prime factors of d.
11
Suppose 21 = -4*c - 23. Let o = c + 46. List the prime factors of 98/10 + 7/o.
2, 5
Suppose 78 = 2*n + n. Suppose -4*y = -4*s - 60, y + y - 4*s - n = 0. What are the prime factors of y?
17
Suppose -2*i = 3*i + 15, 0 = 3*j - i. Let l = 1 - j. What are the prime factors of l?
2
Let o(d) = 3*d**2 - 3*d - 1. Let b(p) = -4*p**2 + 2*p. Let r(a) = 2*b(a) + 3*o(a). List the prime factors of r(9).
3, 11
Suppose 3*f = f + 332. List the prime factors of f.
2, 83
Let u = 17 + -13. What ar